{"id":6,"date":"2021-01-24T11:39:38","date_gmt":"2021-01-24T10:39:38","guid":{"rendered":"http:\/\/www.mitterlindner.co.at\/bus\/?page_id=6"},"modified":"2025-08-29T19:07:43","modified_gmt":"2025-08-29T17:07:43","slug":"startseite","status":"publish","type":"page","link":"https:\/\/www.mitterlindner.co.at\/bus\/startseite\/","title":{"rendered":"Lohnsburg &#8211; Abholzeiten  25\/26  :)"},"content":{"rendered":"\n<div class=\"wp-block-columns is-layout-flex wp-container-core-columns-is-layout-9d6595d7 wp-block-columns-is-layout-flex\">\n<div class=\"wp-block-column is-layout-flow wp-block-column-is-layout-flow\">\n<p>Hallo liebe Sch\u00fcler und Eltern,<\/p>\n\n\n\n<p>Ich w\u00fcnsche euch und uns einen ruhigen Schulstart, die ungef\u00e4hren<br>Abholzeiten f\u00fcr Lohnsburg findet ihr unten. Die genaue Abfahrtszeit wird<br>sich nach ca. 2 Wochen einpendeln.<br><strong>Bitte die Kinder gut sichtbar auf den Weg zur Bushaltestelle schicken!<\/strong><br>Wir bitten um Geduld, es ist unsere Pflicht die Kinder sicher in die<br>Schule und nach Hause zu transportieren, dazu brauchen wir<br>Zeit und Ruhe &#8211; darum bitte ich.<\/p>\n\n\n\n<p><br><strong>Schulbuslenker\/In gesucht f\u00fcr 5 bis 10 Stunden in der Woche. <\/strong><\/p>\n\n\n\n<div class=\"wp-block-file\"><a id=\"wp-block-file--media-fffef361-63fd-4153-b1b0-1259840dc654\" href=\"https:\/\/www.mitterlindner.co.at\/bus\/wp-content\/uploads\/sites\/2\/2025\/08\/Abholzeiten-Lohnsburg.xlsx\"><br><br>Abholzeiten Lohnsburg<\/a><a href=\"https:\/\/www.mitterlindner.co.at\/bus\/wp-content\/uploads\/sites\/2\/2025\/08\/Abholzeiten-Lohnsburg.xlsx\" class=\"wp-block-file__button wp-element-button\" download aria-describedby=\"wp-block-file--media-fffef361-63fd-4153-b1b0-1259840dc654\">Herunterladen<\/a><\/div>\n\n\n\n<p><\/p>\n\n\n\n<figure class=\"wp-block-image size-large\"><img loading=\"lazy\" decoding=\"async\" width=\"1024\" height=\"768\" src=\"https:\/\/www.mitterlindner.co.at\/bus\/wp-content\/uploads\/sites\/2\/2025\/08\/Bild-Lohnsburg-Homepage-1024x768.jpg\" alt=\"\" class=\"wp-image-882\" srcset=\"https:\/\/www.mitterlindner.co.at\/bus\/wp-content\/uploads\/sites\/2\/2025\/08\/Bild-Lohnsburg-Homepage-1024x768.jpg 1024w, https:\/\/www.mitterlindner.co.at\/bus\/wp-content\/uploads\/sites\/2\/2025\/08\/Bild-Lohnsburg-Homepage-300x225.jpg 300w, https:\/\/www.mitterlindner.co.at\/bus\/wp-content\/uploads\/sites\/2\/2025\/08\/Bild-Lohnsburg-Homepage-768x576.jpg 768w, https:\/\/www.mitterlindner.co.at\/bus\/wp-content\/uploads\/sites\/2\/2025\/08\/Bild-Lohnsburg-Homepage-1536x1152.jpg 1536w, https:\/\/www.mitterlindner.co.at\/bus\/wp-content\/uploads\/sites\/2\/2025\/08\/Bild-Lohnsburg-Homepage.jpg 2040w\" sizes=\"auto, (max-width: 1024px) 100vw, 1024px\" \/><\/figure>\n\n\n\n<p>Abk\u00fcrzungen: Ms = Mittelschule <br>Vs= Volksschule                                                         bei Fragen: 0664\/5052255 Gitte Mitterlindner<\/p>\n\n\n\n<p>bitte auch heuer wieder beachten.   DANKE \ud83d\ude42 <\/p>\n\n\n\n<figure class=\"wp-block-image size-full\"><img loading=\"lazy\" decoding=\"async\" width=\"713\" height=\"746\" src=\"https:\/\/www.mitterlindner.co.at\/bus\/wp-content\/uploads\/sites\/2\/2023\/09\/image.png\" alt=\"\" class=\"wp-image-680\" srcset=\"https:\/\/www.mitterlindner.co.at\/bus\/wp-content\/uploads\/sites\/2\/2023\/09\/image.png 713w, https:\/\/www.mitterlindner.co.at\/bus\/wp-content\/uploads\/sites\/2\/2023\/09\/image-287x300.png 287w\" sizes=\"auto, (max-width: 713px) 100vw, 713px\" \/><\/figure>\n\n\n\n<p class=\"has-medium-font-size\"><\/p>\n\n\n\n<p>Wir freuen uns auf eine gewohnt gute Zusammenarbeit. Wir sind bem\u00fcht, die Sch\u00fcler sicher zu transportieren, sie kommen zu Mittag niemals zur selben Uhrzeit nach Hause, bitte dies ber\u00fccksichtigen \ud83d\ude42<\/p>\n\n\n\n<p>Bei Fragen helfe ich euch unter 0664\/5052255<\/p>\n\n\n\n<p>Einen angenehmen Schulstart und <\/p>\n\n\n\n<p>liebe Gr\u00fc\u00dfe Brigitte und die <strong>Mittis<\/strong><\/p>\n\n\n\n<p><\/p>\n\n\n\n<p>Gerne k\u00f6nnen sie auch einen 9-sitzer Bus bei uns Mieten, bzw. einen Transport z. B. Hochzeitsheimbringer, Krankentransport, Flughafentransport bei uns buchen. <\/p>\n\n\n\n<p><\/p>\n\n\n\n<p>F\u00fcr Sch\u00fcler die H\u00f6here Schulen oder die Berufsschule besuchen kann unter gewissen Voraussetzungen auch ein gratis Transport zu Postbus organisiert werden.<\/p>\n\n\n\n<p><strong>Info zum Postbuszubringer: <\/strong><\/p>\n\n\n\n<p><strong>Alle Sch\u00fcler, die eine h\u00f6here Schule besuchen (Unterstufe sowie Oberstufe), haben die M\u00f6glichkeit zur n\u00e4chsten Haltestelle eines \u00f6ffentlichen Verkehrsmittels (Postbus, Zug) GRATIS gefahren zu werden, wenn<\/strong><\/p>\n\n\n\n<ol style=\"list-style-type:1\" class=\"wp-block-list\">\n<li>Die Strecke mehr als 2 Kilometer betr\u00e4gt.<\/li>\n\n\n\n<li>Wenn die Strecke weniger als 2 Kilometer betr\u00e4gt, aber gef\u00e4hrlich ist.<\/li>\n\n\n\n<li>Wenn ein Gelegenheitsverkehr angeboten wird.<\/li>\n<\/ol>\n\n\n\n<p>Sollte Ihr Kind dies in Anspruch nehmen wollen, f\u00fcllen sie bitte den Anmeldeabschnitt aus, und wir schauen, ob wir genug Anmeldungen f\u00fcr einen Zubringer haben.<\/p>\n\n\n\n<p>Liebe Gr\u00fc\u00dfe Brigitte Mitterlindner<\/p>\n\n\n\n<p>und <strong>das Mittis<\/strong> \u2013 TEAM<\/p>\n\n\n\n<p>Vor und Zunahme:<\/p>\n\n\n\n<p>Adresse:<\/p>\n\n\n\n<p>Telefonnummer:<\/p>\n\n\n\n<p>Schule im Schuljahr 22\/23:<\/p>\n\n\n\n<p>Schulort:<\/p>\n\n\n\n<p>Einstiegstelle Postbus<\/p>\n\n\n\n<p>Datum, Unterschrift:<\/p>\n\n\n\n<p><\/p>\n\n\n\n<p><\/p>\n\n\n\n<p><\/p>\n\n\n\n<p><\/p>\n\n\n\n<p><strong>Abk\u00fcrzungen:<\/strong><\/p>\n\n\n\n<p>MS &#8211; Mittelschule<\/p>\n\n\n\n<p>Vs &#8211; Volksschule<\/p>\n\n\n\n<p>LB &#8211; Lohnsburg<\/p>\n\n\n\n<p><\/p>\n\n\n\n<p><\/p>\n<\/div>\n<\/div>\n\n\n\n<p><\/p>\n","protected":false},"excerpt":{"rendered":"<p>Hallo liebe Sch\u00fcler und Eltern, Ich w\u00fcnsche euch und uns einen ruhigen Schulstart, die ungef\u00e4hrenAbholzeiten f\u00fcr Lohnsburg findet ihr unten. Die genaue Abfahrtszeit wirdsich nach ca. 2 Wochen einpendeln.Bitte die Kinder gut sichtbar auf den Weg zur Bushaltestelle schicken!Wir bitten&hellip; <\/p>\n","protected":false},"author":1,"featured_media":0,"parent":0,"menu_order":0,"comment_status":"closed","ping_status":"closed","template":"","meta":{"footnotes":""},"class_list":["post-6","page","type-page","status-publish","hentry"],"_links":{"self":[{"href":"https:\/\/www.mitterlindner.co.at\/bus\/wp-json\/wp\/v2\/pages\/6","targetHints":{"allow":["GET"]}}],"collection":[{"href":"https:\/\/www.mitterlindner.co.at\/bus\/wp-json\/wp\/v2\/pages"}],"about":[{"href":"https:\/\/www.mitterlindner.co.at\/bus\/wp-json\/wp\/v2\/types\/page"}],"author":[{"embeddable":true,"href":"https:\/\/www.mitterlindner.co.at\/bus\/wp-json\/wp\/v2\/users\/1"}],"replies":[{"embeddable":true,"href":"https:\/\/www.mitterlindner.co.at\/bus\/wp-json\/wp\/v2\/comments?post=6"}],"version-history":[{"count":49,"href":"https:\/\/www.mitterlindner.co.at\/bus\/wp-json\/wp\/v2\/pages\/6\/revisions"}],"predecessor-version":[{"id":885,"href":"https:\/\/www.mitterlindner.co.at\/bus\/wp-json\/wp\/v2\/pages\/6\/revisions\/885"}],"wp:attachment":[{"href":"https:\/\/www.mitterlindner.co.at\/bus\/wp-json\/wp\/v2\/media?parent=6"}],"curies":[{"name":"wp","href":"https:\/\/api.w.org\/{rel}","templated":true}]}}